?
-5
Evaluate -3 - (7 + (8 - 15) - 3).
0
Calculate -4 + (13 - 2) + 1 + -1.
7
Evaluate (10 - 12) + 7 + -8.
-3
Calculate -4 - ((-3 - -9) + -15).
5
18 + (6 - 26) - (1 + -10)
7
What is (4 - (1 + -6 - -5)) + -5?
-1
What is the value of (-1 - -1) + -10 + 14?
4
Evaluate -2 + 1 + (-25 - -32) + -2.
4
Evaluate -1 + 7 + 135 + -148.
-7
Calculate -10 + 6 + 16 - 7.
5
(-1 - 0 - -1) + 0
0
Calculate -51 + 45 - (-1 - 1).
-4
Evaluate 2 + -1 + (1 - 5) + 1.
-2
What is 4 + -12 + 8 - 0?
0
(-14 - -2) + -1 + 7
-6
-2 - ((0 - 1) + 3) - -8
4
What is the value of (-7 - (-33 - -10)) + -9?
7
0 + (26 - 13) - 14
-1
Calculate (6 - 7) + -5 + 10.
4
Evaluate (-11 + 20 - 9) + (0 - 3).
-3
Calculate 2 - (-2 - -1 - -8).
-5
Calculate -8 - (-10 - (-5 - (-1 - -1))).
-3
What is (-2 - 1) + -1 + 8 + -7?
-3
What is 1 + 7 + (-14 - -2)?
-4
What is the value of -2 + 2 + 2 + -6?
-4
-1 + (-12 - -9 - -3)
-1
Calculate 1 + -2 + 11 + -6.
4
-3 + (14 + -4 - 2)
5
(-3 - (2 + -8)) + -6
-3
What is the value of 3 - (6 - -13) - 1 - -7?
-10
What is -2 + 1 - -2 - -3?
4
What is the value of -11 + 8 + (-1 + 3 - -4)?
3
What is the value of -3 - -4 - ((-3 - -7) + 0)?
-3
2 + -6 - -4 - 3
-3
What is the value of -5 + (-9 - -5 - -8) - 6?
-7
Calculate -1 + 8 + -3 - 0.
4
Evaluate 14 + -14 + (2 - -1) + 1.
4
Evaluate (8 - (-1 - -4)) + -7.
-2
What is 3 - (-3 + (1 - (6 - 11)))?
0
What is 1 - (5 - (-1 - 1 - -2))?
-4
What is the value of -6 - (-8 + -3) - (-3 + 2)?
6
Evaluate (5 - 4) + (2 + 0 - 3).
0
Evaluate 157 + -167 - (1 + -7).
-4
(35 - 23) + -3 + -5
4
6 - (6 + (-4 - -3) - -6)
-5
What is the value of 8 - ((-5 - -24) + -11)?
0
What is 1 + 6 + 1 + 2 + -7?
3
Evaluate (-4 - -7) + 0 + 6.
9
Calculate -10 + -2 + -2 + 12.
-2
What is -4 + (0 - -5) - (-1 + 3)?
-1
What is the value of (6 + -3 - 1) + 0 - -2?
4
What is (7 - 16) + (2 - -2)?
-5
Calculate -2 + 0 + 41 + -42.
-3
Evaluate -4 + (-2 - -6) + 0.
0
What is (-1 - -3) + -3 + 0 + 0?
-1
What is the value of -9 + 16 - (10 + -1)?
-2
Calculate -2 + (4 + 1 - 9 - -2).
-4
Calculate 1 + 0 - (-3 - (-6 - -4)).
2
What is 4 - 0 - (30 + -21) - 3?
-8
What is the value of 2 + -1 + (-2 - -3) + -4?
-2
Calculate 4 + 1 - -1 - (16 - 13).
3
Calculate 1 - 2 - 4 - (-23 + 14).
4
What is -6 - -1 - (2 - 4)?
-3
1 + -5 + -6 + (10 - 3)
-3
-22 + 11 + 10 - 3
-4
Evaluate (1 - 2) + 1 - (4 + -1).
-3
What is -2 - ((-4 - -3 - 0) + 4)?
-5
Calculate 1 + 2 + (-4 - 6) - -2.
-5
Evaluate (-8 - -5) + 11 + -5.
3
0 - (0 + (1 - 1))
0
What is the value of 0 - -11 - (41 - 24)?
-6
What is 1 + 7 + (-28 - -7 - -3)?
-10
What is the value of (-4 - (2 - 1)) + (-18 - -22)?
-1
Evaluate -2 + 2 + 1 + -7 + 3.
-3
Evaluate -5 - (-3 + 2 + 1).
-5
Calculate 3 - 2 - (-2 - (3 - 5)).
1
What is (-3 - 0) + (8 - 0)?
5
Calculate -4 + -1 + 10 + -4.
1
Calculate 4 - (3 + -7 - -3 - 0).
5
23 - 22 - (-1 - -1)
1
What is the value of 0 - 6 - 0 - -6?
0
What is the value of (-3 - -1) + 3 + -3 + 2?
0
Calculate -1 - ((-3 - 1) + 6 + -8).
5
Calculate 8 + ((6 - -1) + -4 - 7).
4
What is (-7 - 1 - -2) + 5?
-1
What is the value of 8 + -4 + (8 - 7)?
5
Calculate 2 - (6 + -7 + 2).
1
0 + -12 - (-27 - -21)
-6
4 + -1 + (3 - 1)
5
What is the value of -1 + (2 + 5 - 4) - 5?
-3
Evaluate -3 + (9 - 2) + 1 + 0.
5
Calculate -2 + 1 + -6 + -5 + 7.
-5
(33 - 43) + 1 + 1
-8
Evaluate (1 - (-7 + 6)) + -3.
-1
Evaluate (0 - 0) + -4 + (4 - 1).
-1
Calculate -2 + (-2 - (1 + -2)) + 0.
-3
What is the value of (48 - 52) + (0 - 0)?
-4
Calculate (10 - 3) + -14 + 7 + 3.
3
Evaluate -31 + 28 - (5 - 2).
-6
Calculate 0 + 2 + 4 - 11.
-5
What is the value of -15 + 7 + -4 + (3 - 1)?
-10
What is 3 + (4 - (1 - (1 + -8)))?
-1
(-5 - 1) + (21 - 20)
-5
What is -4 - (2 - 8 - -6)?
-4
What is (-8 - -7 - 1) + 2?
0
What is the value of -18 - (13 - 16 - 5)?
-10
What is (-5 - 1 - -1) + (-4 - -4)?
-5
What is 0 + -1 + 3 - (7 - 3)?
-2
Evaluate 5 - (3 + (-2 - -4)).
0
What is the value of -5 + 2 + -3 + 3 + 6?
3
What is (5 - 0) + -7 - (-2 + 1)?
-1
What is 1 - (1 + 4 + -1) - 0?
-3
Evaluate (2 - 1 - -1) + 2.
4
Calculate -2 + 4 + 2 + (-7 - -5).
2
(32 - 27) + (-10 - 2) + 8
1
-1 + (15 + -11 - 9)
-6
Calculate 1 + (3 - 0 - 4) + -3.
-3
13 - (2 + 7 + -2)
6
Evaluate 2 - (7 - 14 - -5).
4
What is the value of -1 + (0 - 3) + 3 + -3?
-4
10 - (2 - -7) - (0 + -1)
2
Evaluate (2 - 13) + 6 + 3 - -3.
1
Calculate 2 - (3 + -4 + 6 - 3).
0
What is the value of (2 - 4) + -2 + 0?
-4
What is 1 - 8 - -1 - (91 - 91)?
-6
Evaluate 60 + -67 - (-5 + 0).
-2
Evaluate -7 + 2 + 4 + 4.
3
Evaluate (34 - 42) + -1 + 7 + -1.
-3
Evaluate -4 + (-7 - -10) + 3 + 1.
3
Calculate 0 + 1 + (-17 - -17).
1
What is -3 + (5 - (-2 - (4 + -9)))?
-1
What is 2 - (0 - -3 - (4 + -1))?
2
What is the value of (8 - -1) + -4 + -1 + 4?
8
Evaluate (4 - (-2 + 6)) + -3.
-3
What is the value of (11 - 15) + (2 - 3)?
-5
Calculate -5 + 8 + -5 - -3.
1
What is the value of -5 + (-6 + 7 + 0 - -4)?
0
Evaluate 33 + -30 + (-1 - -1).
3
5 + (2 - 4) - (-55 + 58)
0
Evaluate 2 + 9 + 1 + (4 - 11).
5
-2 + 0 + -17 + 14
-5
What is -2 + ((0 - -2) + 2 - 0)?
2
What is the value of (-6 - 10) + 7 - (-9 - -7)?
-7
Calculate 9 + -4 + -3 - 0.
2
Evaluate 11 - 7 - (1 - (1 - 3)).
1
What is the value of -6 - (-4 + (3 - 5))?
0
What is -1 - 3 - (2 - 6)?
0
What is the value of -1 + 4 - (-47 - -49)?
1
-2 + 6 + 2 - (5 + -1)
2
5 + -9 + -2 + 6
0
Evaluate -10 - -2 - -14 - -3.
9
Evaluate -5 + 2 + (-2 - -1) + -6.
-10
Evaluate 25 + -29 + -5 + 2.
-7
1 + 0 - (-4 + 8)
-3
2 + (5 - 2 - (-13 + 13))
5
11 + (4 - (-6 + 15 + -2))
8
What is the value of 8 - 6 - (6 + (-3 - 0))?
-1
Calculate 0 + 8 + -18 + 11.
1
What is the value of 1 + -8 + (-3 - -8) - -6?
4
Calculate -1 + (0 - (-2 + 4 + -5)).
2
What is -3 + (8 + -4 - 0) + -1?
0
What is the value of 8 - (5 + -6) - 7?
2
Evaluate 1 + -3 + 2 + 7 + -2.
5
Evaluate -13 - (-6 + -6 + 5).
-6
Calculate (8 - 17) + 9 - (2 - 0).
-2
What is (10 - (17 - 10)) + -1 + 2?
4
Evaluate -8 - (2 + -3 - 2).
-5
What is the value of 7 - (-2 + (-5 - (-6 - 1)))?
7
Evaluate -1 - -10 - (-6 + 11).
4
Calculate 10 - 3 - (16 + 6 + -7).
-8
What is -13 + 17 - (25 - 10)?
-11
What is the value of 9 + (1 - (3 - -6))?
1
What is 0 + -4 + 2 - -6?
4
What is 4 - (-6 - -4 - -6)?
0
1 + -3 + 4 + -3
-1
Evaluate 2 + 4 + 7 + -9.
4
4 - (1 + -1 + 0)
4
Calculate -3 + 1 + (7 - (-2 - -4)).
3
Evaluate 2 + (11 - 3) + -5 - 4.
1
-1 + -1 + (-9 - -12)
1
What is 8 - (-10 - (2 + -16))?
4
Evaluate -1 - (-4 - -1 - (6 - 8)).
0
What is the value of 2 - 2 - (1 + 0 - -2)?
-3
Calculate (1 - -3) + (-3 - (1 - 3)).
3
-16 - ((13 - 32) + 8)
-5
What is 22 + -7 + -11 - (1 + 2)?
1
What is -25 - -14 - (-12 + 6)?
-5
What is (-1 - -6) + (3 - 2) + -1?
5
What is -6 - -1 - (-4 + (-4 - -5))?
-2
Evaluate -8 - (3 + -12) - -6.
7
What is the value of 4 - (1 + 5 + -4) - 6?
-4
Evaluate 0 - (-5 + -8 + 7).
6
11 + -2 + (-25 - -24)
8
0 + (9 - 4) + -3 + 3
5
What is the value of 8 - (2 + 2 - -2) - 3?
-1
What is the value of 0 + 1 - ((-21 - -42) + -15)?
-5
Evaluate (-5 - 1 - 3) + 4.
-5
Evaluate -1 - ((2 - 2) + -2).
1
Calculate 1 - 0 - (1 + -8) - -2.
10
What is the value of -4 - (0 - -1) - (-40 - -31)?
4
What is 19 - 18 - (-1 + -3)?
5
Evaluate -8 + 8 + -1 + 1 + 0.
0
(0 - 1) + -145 + 146
0
Calculate -3 + 4 - 4 - 2.
-5
What is the value of (-11 - 2) + 13 - 7?
-7
What is the value of 6 + (10 - 7 - 11) - -5?
3
What is the value of -24 + 30 - (1 + 5 - -1)?
-1
Evaluate (3 - (23 + -11)) + 4.
-5
What is -7 + 14 - -2 - 5?
4
What is the value of -7 + (11 - (-6 - -12))?
-2
Evaluate -9 + 2 + 10 - 6.
-3
0 + 4 + -4 - -3
3
Evaluate -1 + -4 + -10 + 8.
-7
Calculate -2 + 0 - (-2 + -7 + 10).
-3
What is 2 + (4 - (5 + 5) - 2)?
-6
What is (-2 - (2 + 4)) + 5?
-3
-1 + (-2 + -5 - (-2 - 1))
-5
What is (-6 - 0 - (-1 + -1)) + 2?
-2
Evaluate 0 - (-10 + (10 - 6)).
6
What is the value of (4 - (3 - -1 - 0)) + 8?
8
What is the value of 1 + 3 + (22 - (-16 - -35))?
7
(2 - (7 + -4)) + 3
2
1 + (-6 - -3 - 0) - 0
-2
Evaluate 5 - 10 - -7 - -6 - 2.
6
What is the value of 1 + (2 + 2 - 0) - 10?
-5
Evaluate 13 + (-9 - -9 - 8).
5
Calculate -2 + (0 - -3) + -7 + -1.
-7
What is -5 - 3 - -2 - -11?
5
What is the value of (4 - (-1 + 1)) + -5?
-1
What is -2 - (-2 - (5 + -4 - 7))?
-6
-13 + 20 + 0 + 2 - 6
3
What is 0 - 9 - (29 + -37)?
-1
Evaluate 4 + -9 - (0 + -7).
2
Evaluate 3 - 5 - (8 + -14) - 2.
2
Evaluate (0 - -1) + 21 + -22.
0
Calculate (0 - -1) + -4 + (-3 - -4).
-2
Evaluate -2 + -5 + (-1 - -12) - 4.
0
-3 + (-10 - -20) - -3
10
Evaluate -9 